{"id":205,"date":"2021-12-01T18:25:34","date_gmt":"2021-12-01T18:25:34","guid":{"rendered":"https:\/\/www.dcamexico.org\/tienda\/?post_type=product&#038;p=205"},"modified":"2021-12-02T16:10:14","modified_gmt":"2021-12-02T16:10:14","slug":"memorama-de-los-derechos-de-las-nna","status":"publish","type":"product","link":"https:\/\/www.dcamexico.org\/tienda\/producto\/memorama-de-los-derechos-de-las-nna\/","title":{"rendered":"Memorama: los derechos de los ni\u00f1os y las ni\u00f1as."},"content":{"rendered":"<p>Aprende de la mano de l@s ciudadanit@s cu\u00e1les son tus derechos y c\u00f3mo a hacerlos valer como un #Ciudadan@DeTiempoCompleto<\/p>\n","protected":false},"excerpt":{"rendered":"<p><span style=\"font-weight: 400;\">Aprende de la mano de l@s ciudadanit@s cu\u00e1les son tus derechos y c\u00f3mo a hacerlos valer como un #Ciudadan@DeTiempoCompleto.<\/span><\/p>\n","protected":false},"featured_media":206,"comment_status":"open","ping_status":"closed","template":"","meta":{"inline_featured_image":false},"product_brand":[],"product_cat":[19],"product_tag":[],"class_list":{"0":"post-205","1":"product","2":"type-product","3":"status-publish","4":"has-post-thumbnail","6":"product_cat-construccion-de-ciudadania","8":"first","9":"instock","10":"shipping-taxable","11":"purchasable","12":"product-type-simple"},"_links":{"self":[{"href":"https:\/\/www.dcamexico.org\/tienda\/wp-json\/wp\/v2\/product\/205","targetHints":{"allow":["GET"]}}],"collection":[{"href":"https:\/\/www.dcamexico.org\/tienda\/wp-json\/wp\/v2\/product"}],"about":[{"href":"https:\/\/www.dcamexico.org\/tienda\/wp-json\/wp\/v2\/types\/product"}],"replies":[{"embeddable":true,"href":"https:\/\/www.dcamexico.org\/tienda\/wp-json\/wp\/v2\/comments?post=205"}],"wp:featuredmedia":[{"embeddable":true,"href":"https:\/\/www.dcamexico.org\/tienda\/wp-json\/wp\/v2\/media\/206"}],"wp:attachment":[{"href":"https:\/\/www.dcamexico.org\/tienda\/wp-json\/wp\/v2\/media?parent=205"}],"wp:term":[{"taxonomy":"product_brand","embeddable":true,"href":"https:\/\/www.dcamexico.org\/tienda\/wp-json\/wp\/v2\/product_brand?post=205"},{"taxonomy":"product_cat","embeddable":true,"href":"https:\/\/www.dcamexico.org\/tienda\/wp-json\/wp\/v2\/product_cat?post=205"},{"taxonomy":"product_tag","embeddable":true,"href":"https:\/\/www.dcamexico.org\/tienda\/wp-json\/wp\/v2\/product_tag?post=205"}],"curies":[{"name":"wp","href":"https:\/\/api.w.org\/{rel}","templated":true}]}}