{"id":631,"date":"2021-11-01T20:05:28","date_gmt":"2021-11-01T20:05:28","guid":{"rendered":"https:\/\/www.dcamexico.org\/tienda\/?post_type=product&#038;p=631"},"modified":"2021-12-02T16:11:44","modified_gmt":"2021-12-02T16:11:44","slug":"memorama-no-te-enroles","status":"publish","type":"product","link":"https:\/\/www.dcamexico.org\/tienda\/producto\/memorama-no-te-enroles\/","title":{"rendered":"Memorama No Te Enroles"},"content":{"rendered":"<p>Las ni\u00f1as y los ni\u00f1os podemos ser y hacer lo que queramos. Con este memorama nuestr@s Ciudadanit@s reconocen a hombres y mujeres que cumplieron sus sue\u00f1os sin importar su g\u00e9nero, edad, raza y condici\u00f3n social.<\/p>\n","protected":false},"excerpt":{"rendered":"<p>Las ni\u00f1as y los ni\u00f1os podemos ser y hacer lo que queramos. Con este memorama nuestr@s Ciudadanit@s reconocen a hombres y mujeres que cumplieron sus sue\u00f1os sin importar su g\u00e9nero, edad, raza y condici\u00f3n social.<\/p>\n","protected":false},"featured_media":0,"comment_status":"open","ping_status":"closed","template":"","meta":{"inline_featured_image":false},"product_brand":[],"product_cat":[21],"product_tag":[],"class_list":{"0":"post-631","1":"product","2":"type-product","3":"status-publish","5":"product_cat-equidad-de-genero","7":"first","8":"instock","9":"shipping-taxable","10":"purchasable","11":"product-type-simple"},"_links":{"self":[{"href":"https:\/\/www.dcamexico.org\/tienda\/wp-json\/wp\/v2\/product\/631","targetHints":{"allow":["GET"]}}],"collection":[{"href":"https:\/\/www.dcamexico.org\/tienda\/wp-json\/wp\/v2\/product"}],"about":[{"href":"https:\/\/www.dcamexico.org\/tienda\/wp-json\/wp\/v2\/types\/product"}],"replies":[{"embeddable":true,"href":"https:\/\/www.dcamexico.org\/tienda\/wp-json\/wp\/v2\/comments?post=631"}],"wp:attachment":[{"href":"https:\/\/www.dcamexico.org\/tienda\/wp-json\/wp\/v2\/media?parent=631"}],"wp:term":[{"taxonomy":"product_brand","embeddable":true,"href":"https:\/\/www.dcamexico.org\/tienda\/wp-json\/wp\/v2\/product_brand?post=631"},{"taxonomy":"product_cat","embeddable":true,"href":"https:\/\/www.dcamexico.org\/tienda\/wp-json\/wp\/v2\/product_cat?post=631"},{"taxonomy":"product_tag","embeddable":true,"href":"https:\/\/www.dcamexico.org\/tienda\/wp-json\/wp\/v2\/product_tag?post=631"}],"curies":[{"name":"wp","href":"https:\/\/api.w.org\/{rel}","templated":true}]}}